2?
26
Let l = 3539 - 3512. Let c = 19 + 8. Calculate the highest common divisor of l and c.
27
Let x(m) = -m**2 + 22*m - 10. Let r be x(10). What is the highest common divisor of 10 and r?
10
Let v(d) = 0*d + 4*d + 5*d**2 + 3*d**2 - 6*d**2 - 6. Let x be v(-6). Let p be -5 + (132/2)/6. What is the highest common divisor of x and p?
6
Suppose 56 = -0*c - c. Let m = 161 + c. Suppose a = 5*k + 3*a - 75, 0 = 5*k - 4*a - 75. What is the greatest common factor of m and k?
15
Suppose -4*r = -9*r + 20, 0 = 5*p - 3*r - 48. What is the greatest common divisor of p and 108?
12
Suppose -3*v - 2*f = -32, 0*v + v = -4*f + 14. Suppose -w - 1 = -v. What is the highest common divisor of w and 36?
9
Let r be (-54)/(-4) + 27/18. Let g = r - 3. Calculate the highest common factor of 48 and g.
12
Let i = -10 + 12. Suppose i*s = 52 + 28. Calculate the greatest common divisor of s and 100.
20
Suppose 0*b = -4*b + b. Suppose b = -4*j, -j + 18 + 42 = 5*m. Calculate the highest common divisor of 12 and m.
12
Let v be (-2)/6 - 832/(-48). Suppose -3*w + 4 = -v. Suppose 5*b - 128 = 4*i, -4*b - i + 108 + w = 0. Calculate the highest common divisor of b and 7.
7
Let k = -375 + 382. Calculate the highest common divisor of k and 63.
7
Suppose -21278 = -53*a - 4106. What is the highest common divisor of 8 and a?
4
Let u = 1 + 3. Let h(b) = b**3 + 10*b**2 + 15*b - 18. Let n be h(-6). What is the greatest common divisor of u and n?
4
Let l(f) = 486*f**2 - 4*f + 2. Let d be l(1). Calculate the highest common divisor of d and 132.
44
Suppose -5*c = -36 - 64. Let k = c - 39. Let z = k + 43. Calculate the greatest common divisor of 8 and z.
8
Let w be ((-156)/208)/(6/(-64)). What is the greatest common divisor of 68 and w?
4
Suppose 0 = -2*n + 92. Let c = n - 13. Calculate the highest common divisor of c and 55.
11
Let g be 64*((-88)/(-16))/11. What is the highest common divisor of 864 and g?
32
Let d = -220 - -604. What is the greatest common factor of 48 and d?
48
Suppose 227*s = 226*s + r + 47, 259 = 5*s + r. Calculate the highest common factor of s and 255.
51
Let m = 7 - -1. Let a be 56*7/(6 - -1). What is the greatest common divisor of a and m?
8
Let k = 15 + -1. Let t(l) = -l + 17. Let g be t(-4). Calculate the greatest common factor of g and k.
7
Let p be (9/4)/(1/4) - -1. Let f = p - 5. Calculate the greatest common factor of 10 and f.
5
Suppose -9*h + 1218 + 2634 = 0. What is the greatest common factor of 963 and h?
107
Let v(y) = 10*y**3 + 8*y**2 - 10*y - 8. Let n be v(4). Calculate the highest common divisor of n and 160.
80
Suppose 3*b - 3*n + 3 = 0, 52*n - 57*n = 2*b - 33. What is the greatest common factor of b and 3?
1
Suppose k + 4*y - 94 - 124 = 0, -k - 3*y = -213. Calculate the greatest common divisor of 54 and k.
18
Let u be (-2)/(-9) + ((-25816)/(-63) - 10). Calculate the greatest common divisor of 8 and u.
8
Suppose -8*h + 27 + 93 = 0. Let g = 22 + h. What is the highest common factor of g and 111?
37
Suppose 20*l - 48 = 17*l. Calculate the greatest common divisor of l and 128.
16
Suppose 0 = 3*l - s - 16, 13 + 3 = 2*l - 2*s. Suppose 610 + 314 = l*n. Calculate the greatest common divisor of 33 and n.
33
Let p(v) = 37*v - 14. Let d be p(2). Calculate the highest common divisor of 24 and d.
12
Suppose -16 = -5*s + y, 4*y - 28 = -12. Calculate the highest common factor of 14 and s.
2
Let v = -4280 + 6097. What is the highest common factor of v and 23?
23
Suppose 7*b - 6*b = 60. Suppose 14*w + b = 20*w. Let c be (17 - 6)*(9 - -1). What is the highest common factor of c and w?
10
Suppose 2*z + 4*j = 86, 3 + 1 = -4*j. Let u = z - -43. Suppose 3*p + 5*p - 88 = 0. Calculate the greatest common divisor of u and p.
11
Suppose 0 = -12*y - 8*y + 1120. Calculate the highest common factor of y and 896.
56
Suppose -6*k + 0*k = 0. Suppose -2*p - 1 + 9 = k. What is the greatest common factor of p and 16?
4
Let k = 4 + 26. Let j be ((-9)/6)/((4/(-4))/2). Suppose -h = -4, 0 = -5*p + 6*h - j*h + 38. Calculate the highest common divisor of k and p.
10
Let w = 1 + 5. Let u be (w/(-2))/((-8)/8). Suppose -5*c = -p - 0*c + u, -p - 3*c = -3. What is the highest common divisor of p and 33?
3
Let k(x) = -4*x**2 - 96*x - 27. Let l be k(-23). Calculate the greatest common divisor of 169 and l.
13
Let m = 176 - 173. Suppose 4*y = -0*y + 12. Let s be -2*(y + 0)*-2. Calculate the highest common factor of s and m.
3
Let l(a) = 74*a**2 - 1. Let d be l(-1). Suppose d - 13 = 3*t. Calculate the highest common factor of t and 20.
20
Let j be (4/(-6))/(4/(-18)). Suppose x + j = 2*x. Suppose -2*a = -x*a + 30. Calculate the highest common divisor of a and 210.
30
Let y = 5 + 3. Let d(n) be the third derivative of n**4/12 + 4*n**3/3 + 2*n**2. Let g be d(6). Calculate the highest common divisor of y and g.
4
Suppose -2*t = 4*d - 4542, -2*t - 11*d = -8*d - 4546. Calculate the highest common divisor of t and 43.
43
Suppose -792 = -9*j + 14085. What is the greatest common divisor of 87 and j?
87
Let p(c) = 6*c**2 + 1. Suppose -y + 1 + 1 = j, 2*j + 4*y = 6. Let s be p(j). What is the greatest common divisor of 1 and s?
1
Let l = -626 + 1510. Calculate the highest common divisor of l and 13.
13
Let z be (-1 - (-16)/12)*6. Let t(b) = 30*b**2 - 2*b - 2. Let y be t(z). Let h be y/15 + 2/5. What is the greatest common divisor of 24 and h?
8
Suppose 0 = 5*d - 12 + 2. Let v be 157/7 - (-24)/(-56). What is the greatest common divisor of d and v?
2
Suppose 424 = 4*x + 4*l, 10*l + 550 = 5*x + 5*l. What is the greatest common divisor of x and 96?
12
Suppose 105*w - 97*w = 7232. What is the highest common divisor of 8 and w?
8
Let x = 205 + -1204. Let k be 18/117 - x/13. Calculate the highest common factor of k and 11.
11
Suppose 3*i - 11 = -5*m, -4*i - 16*m = -13*m - 22. Calculate the highest common factor of 77 and i.
7
Suppose 0 = 2*f + q - 251, -4*f + 18*q + 484 = 14*q. What is the greatest common factor of 20 and f?
4
Let b(o) = 29*o + 271. Let d be b(7). Calculate the greatest common divisor of d and 18.
6
Let t = -243 + 262. Calculate the greatest common factor of 19 and t.
19
Let j be (-96)/18 - -6 - (-4)/3. Suppose -2*y = -u - 17 - 10, 0 = 5*y - j*u - 65. What is the highest common factor of y and 11?
11
Let b = 141 - 130. Let t(i) = 178*i**2 + 2*i. Let f be t(-1). Calculate the greatest common divisor of f and b.
11
Let y be (-45)/(-12) + 9/(-12). Suppose 0 = 4*s + 5*a - 50, -2*s + 4*a + 83 = y*s. What is the greatest common factor of s and 6?
3
Let l(v) = 20*v**2 - 2*v. Let j be l(-3). Suppose 11*f - 36*f + 775 = 0. Calculate the greatest common divisor of j and f.
31
Suppose -648 - 1328 = -4*d. What is the greatest common factor of d and 26?
26
Let y(b) = 4*b**2 - 36*b - 241. Let k be y(-12). What is the greatest common factor of 13 and k?
13
Suppose -3*p = -2*n + 67, -2*n - 2*p + 76 = 14. Suppose 0 = h + 4*h - 3*d - 548, -5*d - 92 = -h. What is the highest common divisor of n and h?
16
Let n be (-10)/3*1131/(-26). Calculate the greatest common factor of n and 58.
29
Let m = 154 + -115. What is the greatest common divisor of 6 and m?
3
Suppose 3*x = -x + 20. Let b be 35/2 - x/(-10). Calculate the highest common divisor of 6 and b.
6
Suppose -10*i + 1248 + 182 = 0. What is the greatest common divisor of 26 and i?
13
Let y be (-5)/(-2) + 2/(-4). Let w = 16 - y. Calculate the highest common divisor of 14 and w.
14
Let y(t) = t**2 - 8*t. Let v be y(8). Let f be (1 - v)/((-7)/14). Let z be (-17)/2*(0 + f). What is the highest common factor of 17 and z?
17
Let h be 333/(-6)*(-10)/15. Let s = h - 7. What is the greatest common divisor of 20 and s?
10
Let q be 24/16 + (-46)/4. Let f be (30/(-8))/(q/160). What is the highest common factor of f and 12?
12
Suppose -6*r = -4*r - 120. Let a(c) be the first derivative of -10*c**4 - c**3/3 - c**2 - c + 7. Let t be a(-1). What is the highest common factor of r and t?
20
Let f(x) = 10 + 14 - 3*x + 0*x. Let u be f(0). Let v(c) = c**2 - c - 4. Let z be v(4). What is the highest common divisor of z and u?
8
Let x(t) = -2*t**3 + 20*t**2 + 28*t - 15. Let m be x(11). Calculate the highest common divisor of 21 and m.
3
Let p = -1840 + 2685. What is the greatest common divisor of p and 65?
65
Suppose -8*s = -6*s. Suppose -14*v + 13*v + 17 = s. What is the highest common divisor 